9, 13513
What are the prime factors of 593702?
2, 37, 71, 113
List the prime factors of 2345625.
3, 5, 139
What are the prime factors of 2958311?
2958311
What are the prime factors of 41357?
41357
What are the prime factors of 1895?
5, 379
What are the prime factors of 363657?
3, 7, 17317
List the prime factors of 22667727.
3, 31, 223, 1093
List the prime factors of 2410361.
2410361
What are the prime factors of 1822420?
2, 5, 91121
List the prime factors of 9513388.
2, 89, 26723
List the prime factors of 1265494.
2, 632747
List the prime factors of 2153976.
2, 3, 11, 41, 199
List the prime factors of 1083346.
2, 11, 23, 2141
What are the prime factors of 5181274?
2, 7, 370091
What are the prime factors of 535871?
7, 37, 2069
List the prime factors of 1675.
5, 67
List the prime factors of 7663250.
2, 5, 7, 29, 151
What are the prime factors of 4096268?
2, 11, 93097
What are the prime factors of 727069?
7, 103867
What are the prime factors of 18722558?
2, 71, 131849
What are the prime factors of 448326?
2, 3, 24907
What are the prime factors of 12590057?
12590057
What are the prime factors of 311505?
3, 5, 19, 1093
What are the prime factors of 1397874?
2, 3, 47, 4957
List the prime factors of 764947.
764947
What are the prime factors of 6859258?
2, 7, 97, 5051
What are the prime factors of 910712?
2, 11, 79, 131
What are the prime factors of 586122?
2, 3, 97687
List the prime factors of 890936.
2, 17, 6551
What are the prime factors of 1048978?
2, 7, 31, 2417
What are the prime factors of 146237?
7, 13, 1607
What are the prime factors of 136320?
2, 3, 5, 71
List the prime factors of 439954.
2, 219977
What are the prime factors of 3597936?
2, 3, 23, 3259
List the prime factors of 121419.
3, 1499
What are the prime factors of 3645667?
17, 214451
List the prime factors of 190952.
2, 23869
List the prime factors of 120502.
2, 60251
List the prime factors of 319204.
2, 79801
What are the prime factors of 786485?
5, 7, 23, 977
What are the prime factors of 12363878?
2, 41, 150779
List the prime factors of 8325615.
3, 5, 555041
What are the prime factors of 382464?
2, 3, 83
What are the prime factors of 2557444?
2, 639361
List the prime factors of 9378687.
3, 23, 29, 43, 109
What are the prime factors of 1522831?
19, 80149
What are the prime factors of 3758908?
2, 307, 3061
What are the prime factors of 77005?
5, 15401
What are the prime factors of 14540390?
2, 5, 47, 30937
List the prime factors of 15334214.
2, 7, 29, 179, 211
List the prime factors of 11099338.
2, 5549669
List the prime factors of 14308.
2, 7, 73
List the prime factors of 1758301.
1758301
List the prime factors of 142270.
2, 5, 41, 347
What are the prime factors of 13778432?
2, 17, 1583
What are the prime factors of 94296?
2, 3, 3929
What are the prime factors of 429631?
429631
List the prime factors of 2474080.
2, 5, 7, 47
List the prime factors of 22834433.
47, 10337
What are the prime factors of 312486?
2, 3, 52081
List the prime factors of 386720.
2, 5, 2417
List the prime factors of 992224.
2, 101, 307
List the prime factors of 341880.
2, 3, 5, 7, 11, 37
What are the prime factors of 79298?
2, 31, 1279
What are the prime factors of 485665?
5, 137, 709
List the prime factors of 685908.
2, 3, 29, 73
List the prime factors of 9391308.
2, 3, 487, 1607
List the prime factors of 391503.
3, 7, 103, 181
What are the prime factors of 247483?
263, 941
What are the prime factors of 36571783?
36571783
List the prime factors of 101205.
3, 5, 13, 173
List the prime factors of 52743.
3, 17581
List the prime factors of 76864.
2, 1201
What are the prime factors of 42815?
5, 8563
List the prime factors of 82965.
3, 5, 5531
List the prime factors of 1162800.
2, 3, 5, 17, 19
What are the prime factors of 159607?
7, 151
What are the prime factors of 23796661?
7, 37, 139, 661
What are the prime factors of 101135?
5, 113, 179
What are the prime factors of 8477057?
149, 56893
What are the prime factors of 7292946?
2, 3, 163, 7457
List the prime factors of 396791.
463, 857
List the prime factors of 508450.
2, 5, 10169
What are the prime factors of 2543476?
2, 13, 41, 1193
List the prime factors of 6911882.
2, 3455941
What are the prime factors of 5164318?
2, 2582159
What are the prime factors of 268522?
2, 31, 61, 71
List the prime factors of 3231834.
2, 3, 53, 10163
What are the prime factors of 629436?
2, 3, 52453
What are the prime factors of 836791?
17, 49223
List the prime factors of 7962779.
11, 709, 1021
What are the prime factors of 2876989?
379, 7591
List the prime factors of 105008.
2, 6563
List the prime factors of 1469895.
3, 5, 7, 13999
What are the prime factors of 2568907?
11, 29, 8053
What are the prime factors of 6900?
2, 3, 5, 23
List the prime factors of 2829808.
2, 149, 1187
List the prime factors of 125897.
125897
List the prime factors of 17532114.
2, 3, 467, 6257
List the prime factors of 3317443.
1171, 2833
List the prime factors of 828103.
31, 26713
List the prime factors of 1678023.
3, 19, 3271
List the prime factors of 13924560.
2, 3, 5, 13, 4463
List the prime factors of 316780.
2, 5, 47, 337
List the prime factors of 6103489.
7, 124561
List the prime factors of 180078.
2, 3, 30013
What are the prime factors of 463112?
2, 13, 61, 73
What are the prime factors of 14883?
3, 11, 41
List the prime factors of 23436970.
2, 5, 277, 8461
List the prime factors of 1025712.
2, 3, 17, 419
What are the prime factors of 36530216?
2, 61, 74857
What are the prime factors of 463779?
3, 89, 193
What are the prime factors of 4323486?
2, 3, 467, 1543
List the prime factors of 201108.
2, 3, 16759
What are the prime factors of 146525?
5, 5861
What are the prime factors of 619271?
223, 2777
What are the prime factors of 156428?
2, 39107
List the prime factors of 1604925.
3, 5, 7, 1019
List the prime factors of 10244467.
113, 90659
What are the prime factors of 488902?
2, 244451
List the prime factors of 16937942.
2, 7, 1209853
List the prime factors of 420585.
3, 5, 11, 2549
List the prime factors of 49799.
19, 2621
What are the prime factors of 4711642?
2, 13, 23, 7879
List the prime factors of 557196.
2, 3, 59, 787
What are the prime factors of 445419?
3, 13, 47
What are the prime factors of 121865?
5, 24373
What are the prime factors of 7648989?
3, 1031, 2473
List the prime factors of 38457.
3, 4273
List the prime factors of 511925.
5, 20477
List the prime factors of 20172218.
2, 11, 59, 15541
List the prime factors of 218415.
3, 5, 14561
List the prime factors of 1019110.
2, 5, 223, 457
What are the prime factors of 9734?
2, 31, 157
List the prime factors of 1172307.
3, 53, 73, 101
What are the prime factors of 344572?
2, 86143
List the prime factors of 196017.
3, 223, 293
List the prime factors of 2227202.
2, 41, 157, 173
What are the prime factors of 20477287?
20477287
What are the prime factors of 20571012?
2, 3, 7, 11, 41, 181
List the prime factors of 24748066.
2, 7, 61, 28979
What are the prime factors of 4778216?
2, 31, 19267
List the prime factors of 1830194.
2, 19, 48163
List the prime factors of 384523.
17, 22619
What are the prime factors of 448486?
2, 53, 4231
List the prime factors of 2004782.
2, 13, 83, 929
What are the prime factors of 130706?
2, 65353
List the prime factors of 196787.
307, 641
What are the prime factors of 621773?
61, 10193
List the prime factors of 8188815.
3, 5, 17, 1889
What are the prime factors of 536442?
2, 3, 29, 3083
What are the prime factors of 336568?
2, 42071
List the prime factors of 1236837.
3, 7, 58897
What are the prime factors of 826818?
2, 3, 137803
What are the prime factors of 6756214?
2, 3378107
What are the prime factors of 6476713?
269, 24077
List the prime factors of 666476.
2, 166619
What are the prime factors of 324264?
2, 3, 59, 229
What are the prime factors of 5642211?
3, 29, 64853
What are the prime factors of 1443903?
3, 481301
List the prime factors of 4230801.
3, 470089
What are the prime factors of 13903126?
2, 6951563
What are the prime factors of 6011576?
2, 751447
What are the prime factors of 32551337?
7, 13, 137, 373
What are the prime factors of 170864?
2, 59, 181
List the prime factors of 8213497.
8213497
List the prime factors of 13456766.
2, 6728383
What are the prime factors of 378140?
2, 5, 7, 37, 73
List the 